+ 7. Let l be z(7). Suppose 0 = 7*t - l*t. Is (-1 - t)/((-17)/833) prime?
False
Let h(y) = 2*y + 53. Suppose 0*f = f. Is h(f) prime?
True
Suppose 5*k - 2*a - 29 = 0, -7*k = -2*k + 5*a - 15. Suppose k*h - 309 = 396. Is h a composite number?
True
Let s be 12/4 - (2 - 0). Let w(m) = 669*m**3 - m**2 + 1. Is w(s) a prime number?
False
Let a(y) = y + 8. Let k be a(-4). Suppose -x = 5*z - 5*x - 1990, -3*z = k*x - 1226. Is (-1 - 1) + z + 1 a prime number?
True
Suppose 524 + 828 = -j + 4*z, -5*j = -4*z + 6792. Let r = 675 - j. Suppose -7*l = -2*l - r. Is l composite?
True
Is (0 + 5)*68286/285 prime?
False
Suppose 14*h - 1460844 = 307454. Is h composite?
False
Let y = 30 - 26. Is (773 + y)*(-2)/(-6) prime?
False
Let y(o) = -32*o**3 + 7*o**2 - 7*o - 3. Let l(u) = 31*u**3 - 6*u**2 + 6*u + 3. Let r(a) = -4*l(a) - 3*y(a). Is r(-3) a prime number?
False
Suppose -3*w - 4 = -p - 17, -5*p + 5*w - 15 = 0. Suppose -5*u - 5*h = -2070, p*u = 3*h + 524 + 299. Suppose -2*t = -o + 2*t + u, 2*t + 1199 = 3*o. Is o prime?
True
Suppose -173 = -t - w, -6*t = -2*t + 2*w - 684. Let z = t - -130. Let q = z + 32. Is q composite?
False
Let h = -1378 + 2517. Is h a composite number?
True
Let u(r) = 222*r**2 + 3*r + 10. Is u(3) a prime number?
True
Let x = -21 + 4. Let p(f) = -8*f - 9. Is p(x) prime?
True
Let w(d) be the third derivative of d**8/10080 - d**7/315 + 13*d**6/720 + d**5/20 - 4*d**2. Let q(h) be the third derivative of w(h). Is q(11) a prime number?
True
Let n be (552/30)/(1/(-5)). Let j = 251 + n. Is j a prime number?
False
Suppose 0 = 112*b - 118*b + 154002. Is b a composite number?
False
Suppose o = 4*c - 13961, 2*c + o + 1207 = 8192. Is c a prime number?
True
Let i be (-21)/(-15) - 9/(-15). Let y = i - 9. Is (1 - 0)/(y/(-217)) prime?
True
Let g(f) = -2*f**2 + 3*f + 8. Let o be g(4). Is 4/6*(-17478)/o a prime number?
True
Suppose -4*h - 28 = -2*u - 12, -20 = u + 5*h. Suppose 2*l - 3*d - 4723 = u, 5*l + 3*d - 8610 = 3166. Is l composite?
False
Suppose -3*j = 3*d - 123, -2*j - 110 - 95 = -5*d. Suppose 0 = -s - 3, 4*s + d = 2*i - s. Is i composite?
False
Suppose -14*b + 156925 = 20271. Is b composite?
True
Let w be (-6)/(3640/1822 - 2). Suppose 5*x = v - 435, 3*x = -4*v - 947 + w. Is v prime?
False
Let x(p) = -1459*p**3 - p**2 + p - 1. Let j be (-1)/2 - 21/(-14). Let z be x(j). Let u = z - -2377. Is u prime?
False
Let d be 2461 + (-6 - -4) + 2. Suppose -8*y + d = -1627. Is y a prime number?
False
Let x(a) = 12 - 32*a - 3*a - 24*a. Let d be x(-7). Suppose d = j + l - 3, j - 2*l = 437. Is j a composite number?
False
Let r be (3/(-6)*1)/((-1)/(-398)). Let w = r + 450. Is w composite?
False
Suppose 5*a = -5*d + 15645, -3*a = -4*d - 3458 + 15981. Suppose -2*h + 3*u - 99 = -1328, d = 5*h + 4*u. Is h a composite number?
True
Suppose -2*f = -8, -4*c + 11739 = -f - 48829. Is c composite?
True
Let b be (-90)/(-25) - 6/10. Suppose -l - 5*p = -4*l - 25, 0 = 3*l - b*p + 15. Suppose -2*z = 4*w + 2*z - 340, l = -3*w + z + 263. Is w a prime number?
False
Is (-2)/(-11) - ((-15176)/22 + 5) a composite number?
True
Let y = -27 - -21. Let r be 4/6 - 284/y. Let x = r - 15. Is x composite?
True
Let u(l) be the second derivative of -6*l**5/5 + l**3/6 + l**2/2 - l. Let x be (-36)/(-45)*(-5)/2. Is u(x) a composite number?
False
Suppose 15*m - 7*m = 2680. Is m a prime number?
False
Let o(p) = 37 + 24 - 30 + 412*p. Is o(6) prime?
True
Let b(a) = 200*a + 107. Let t(g) = 133*g + 71. Let r(s) = 5*b(s) - 8*t(s). Is r(-3) prime?
False
Suppose -2*i + c = -4650, -3*i + 3373 + 3600 = -2*c. Is i a composite number?
True
Suppose 52 = -5*v + 5*c - 38, -54 = 2*v + 4*c. Let y = v + 35. Suppose -3*q + 56 - y = 3*n, 0 = 2*n - 4*q - 22. Is n a composite number?
False
Is 21434/18 - 58/(-261) a prime number?
False
Suppose 2110 = -3*v - 2*v. Is (-6 - v) + (3 + -2)*-3 a composite number?
True
Let c(b) = b**3 + 9*b**2 - 7*b - 8. Let y be c(-10). Let x = 76 + y. Suppose l + x = 3*l. Is l a prime number?
True
Suppose -n = -2427 + 950. Is n a composite number?
True
Let g be 115/4*4*-1. Let k(l) = 2*l - 218. Let u be k(0). Let q = g - u. Is q a composite number?
False
Suppose 544 = 2*g - 126. Is g a prime number?
False
Suppose 4*y = 2*y - 3*r - 1344, 5*y - 5*r + 3335 = 0. Is y*-2*1/6 prime?
True
Let i = 13738 - 8659. Is i a prime number?
False
Suppose -2*q - 8 = -4*q, 256224 = 4*x - q. Is x a prime number?
False
Let p(q) = -q**3 - 2*q**2 - 6*q - 7. Let a be p(-5). Suppose 3*b + 93 = 5*i - 4, 5*i = 2*b + a. Is -61*(-4)/(16/i) prime?
False
Suppose -5*b + 84 = 2*b. Suppose b*a - 383 = 6325. Is a prime?
False
Suppose 0 = 3*n + 9, 3*n + 2181 = 3*z + z. Is z a prime number?
False
Let o = 3 + -2. Let p be 51/34*(-1 + -1). Is (o/2)/(p/(-4458)) a prime number?
True
Suppose 26*l - 493015 = 97263. Is l composite?
True
Is (24594/8)/(9 + 33/(-4)) prime?
True
Let f(s) = 39*s**2 + 42*s + 25. Is f(-18) prime?
False
Let o(l) = 503*l**2 + 40*l - 268. Is o(7) composite?
False
Is (8226/(-4))/((-4)/8) + -2 a prime number?
True
Let y = 14326 + -3035. Is y prime?
False
Let i be 144*2/(-4 + 0). Let g = 473 + i. Is g a composite number?
False
Suppose 3*p - 689 = -185. Let o = 1823 - p. Is o a prime number?
False
Let r = 40447 - 69949. Let o = -18847 - r. Is o a prime number?
False
Suppose 0 = 4*z - 1882 - 322. Suppose 504 = 5*a - z. Is a a composite number?
False
Let f(d) = -2*d**2 - d - 4. Let y(a) = 3*a**2 + 3. Let g(l) = -4*f(l) - 3*y(l). Let k be g(5). Suppose 0 = k*o - 297 - 985. Is o a prime number?
True
Suppose 5*s = -3*o + 5875, 0 = -2*o + 5*o + 4*s - 5876. Suppose -8*y + 4*y + o = 0. Let i = -329 + y. Is i a composite number?
True
Suppose -8226 = -4*a - 26434. Let s = a - -8729. Is s a composite number?
False
Suppose -2*a = 4*v - 30, 5*a = 5*v + 4*a - 20. Let s = -92 - -95. Suppose s*r + 5*g = 348 + 781, -3*r + v*g = -1109. Is r composite?
False
Suppose 33 = 3*j - n, n = -0*n. Suppose 0 = -j*d + 7*d + 10828. Is d composite?
False
Suppose 0 = 3*n - 28808 - 9007. Is n prime?
False
Suppose -2*d + d + 640 = 0. Let h be (-1347)/(-9)*(-39)/13. Let i = d + h. Is i a composite number?
False
Let z(x) = 1 + x**2 - 4 - 24*x + x**2 + 27*x + x**3. Let d = -12 - -17. Is z(d) composite?
True
Let g be (4/4)/((-1)/(-797)). Let n(m) = m**3 - m - 468. Let o be n(0). Let q = g + o. Is q a prime number?
False
Suppose -11*m - 4421 = -39126. Is m composite?
True
Let k = 2932 - 2021. Is k a composite number?
False
Let o(a) = 4*a + 144. Let j be o(-35). Let k be ((-2)/2)/((-4)/88). Is (k/1)/(j/6) a prime number?
False
Let n be 4*(-9 + -2) - -1. Let b = 19 - n. Is b composite?
True
Suppose -4*z + 18 = t - 27, 146 = 4*t - z. Suppose -2140 = 33*v - t*v. Is v a composite number?
True
Let n = 41280 + -13325. Is n a prime number?
False
Let t = -4 + 7. Suppose t*i + 10 = 76. Let u = i + 21. Is u composite?
False
Let n(g) = -g + 9. Let k(q) = -q**2 - 6*q + 7. Let z be k(-6). Let o be n(z). Suppose o*a + 133 = 1103. Is a composite?
True
Let z be -1*3*(2 - (-687)/(-9)). Suppose s + 2*y - 1298 = z, -2*s = -2*y - 3066. Is s prime?
False
Suppose 4*l - l - 5*p = -17, 3*p - 16 = -4*l. Is ((-4)/(-2) - 2)/l + 337 a composite number?
False
Let h be 3 - (4/(-4))/(-1). Suppose h*s - 4*a - 435 = 127, -2*s - 2*a = -574. Is s + -2 + 12/3 a composite number?
True
Suppose -4*u = -9*u + 10. Suppose 0 = -3*g - i + 6544, -g - u*i = 3*i - 2186. Is g a prime number?
False
Suppose d = -2*z + 204, 2*z - 258 = -4*d - 42. Suppose -246 - z = -2*x. Let w = x - -134. Is w composite?
False
Is (-50376)/(16/(-2)) - 2 a prime number?
False
Suppose -314 = -3*c + c - m, -2*m = 5*c - 787. Suppose -2*a = -5*a + c. Suppose 34 = q - a. Is q composite?
True
Let c(t) = -51*t - 20. Is c(-35) a composite number?
True
Is ((9248 - 12) + (7 - 1))/2 a composite number?
False
Let o(k) = 450*k - 7. Let c(h) = -h - 1. Let w(t) = 5*c(t) - o(t). Let m be w(-2). Let y = m - 533. Is y a prime number?
True
Let f = -389 - -693. Suppose 4*s - 2*s - 3*c - 170 = 0, -4*s + f = 3*c. Is s composite?
False
Let m = -15016 + 26969. Is m prime?
True
Let y(u) = -4*u - 17. Let w be y(-7). Let n = w - 14. Is 33/22*(-1166)/n a prime number?
False
Let p(k) be the second derivative of k**3/6 + 11*k**2 + 2*k. Is p(9) a composite number?
False
Let i be (30/25)/(1/350). Suppose -1425 + i = -5*m. Is m composite?
True
Let k be ((-677)/(-